alculate the remainder when 908 is divided by 460.
448
Calculate the remainder when 103 is divided by 35.
33
Calculate the remainder when 479 is divided by 12.
11
What is the remainder when 5446 is divided by 6?
4
What is the remainder when 104 is divided by 33?
5
Calculate the remainder when 1226 is divided by 405.
11
Calculate the remainder when 128 is divided by 65.
63
Calculate the remainder when 7798 is divided by 20.
18
What is the remainder when 2522 is divided by 119?
23
What is the remainder when 35 is divided by 2?
1
What is the remainder when 108 is divided by 22?
20
Calculate the remainder when 635 is divided by 28.
19
Calculate the remainder when 5653 is divided by 29.
27
What is the remainder when 1023 is divided by 171?
168
Calculate the remainder when 350 is divided by 9.
8
What is the remainder when 3010 is divided by 58?
52
What is the remainder when 702 is divided by 238?
226
Calculate the remainder when 662 is divided by 48.
38
What is the remainder when 235 is divided by 76?
7
What is the remainder when 1806 is divided by 258?
0
Calculate the remainder when 138 is divided by 11.
6
What is the remainder when 2055 is divided by 36?
3
What is the remainder when 236 is divided by 57?
8
Calculate the remainder when 76 is divided by 49.
27
Calculate the remainder when 2420 is divided by 101.
97
Calculate the remainder when 173 is divided by 87.
86
Calculate the remainder when 66 is divided by 19.
9
Calculate the remainder when 198 is divided by 112.
86
What is the remainder when 853 is divided by 379?
95
What is the remainder when 102 is divided by 36?
30
What is the remainder when 169 is divided by 135?
34
What is the remainder when 131 is divided by 35?
26
What is the remainder when 1319 is divided by 324?
23
What is the remainder when 343 is divided by 161?
21
What is the remainder when 2514 is divided by 45?
39
Calculate the remainder when 206 is divided by 30.
26
What is the remainder when 6928 is divided by 19?
12
Calculate the remainder when 147 is divided by 50.
47
Calculate the remainder when 1826 is divided by 9.
8
What is the remainder when 6443 is divided by 293?
290
What is the remainder when 266 is divided by 90?
86
Calculate the remainder when 434 is divided by 87.
86
What is the remainder when 117 is divided by 43?
31
Calculate the remainder when 194 is divided by 60.
14
Calculate the remainder when 183 is divided by 15.
3
Calculate the remainder when 1489 is divided by 7.
5
Calculate the remainder when 938 is divided by 461.
16
What is the remainder when 190 is divided by 32?
30
Calculate the remainder when 210 is divided by 43.
38
What is the remainder when 886 is divided by 64?
54
Calculate the remainder when 227 is divided by 19.
18
Calculate the remainder when 389 is divided by 30.
29
Calculate the remainder when 481 is divided by 142.
55
What is the remainder when 477 is divided by 158?
3
Calculate the remainder when 476 is divided by 51.
17
Calculate the remainder when 241 is divided by 232.
9
What is the remainder when 1241 is divided by 69?
68
What is the remainder when 287 is divided by 32?
31
Calculate the remainder when 964 is divided by 54.
46
What is the remainder when 6250 is divided by 17?
11
What is the remainder when 3049 is divided by 13?
7
What is the remainder when 1741 is divided by 192?
13
What is the remainder when 1883 is divided by 26?
11
Calculate the remainder when 4608 is divided by 159.
156
Calculate the remainder when 111 is divided by 57.
54
Calculate the remainder when 856 is divided by 46.
28
What is the remainder when 22 is divided by 4?
2
What is the remainder when 4503 is divided by 28?
23
What is the remainder when 1100 is divided by 364?
8
Calculate the remainder when 1337 is divided by 4.
1
What is the remainder when 819 is divided by 49?
35
Calculate the remainder when 884 is divided by 14.
2
Calculate the remainder when 1395 is divided by 18.
9
What is the remainder when 384 is divided by 11?
10
Calculate the remainder when 289 is divided by 123.
43
What is the remainder when 209 is divided by 71?
67
What is the remainder when 15930 is divided by 179?
178
Calculate the remainder when 2548 is divided by 16.
4
What is the remainder when 1573 is divided by 519?
16
Calculate the remainder when 568 is divided by 277.
14
Calculate the remainder when 1812 is divided by 472.
396
What is the remainder when 139 is divided by 20?
19
What is the remainder when 4071 is divided by 315?
291
Calculate the remainder when 52 is divided by 41.
11
Calculate the remainder when 60 is divided by 18.
6
What is the remainder when 174 is divided by 24?
6
Calculate the remainder when 736 is divided by 10.
6
Calculate the remainder when 1320 is divided by 26.
20
What is the remainder when 17 is divided by 4?
1
Calculate the remainder when 79 is divided by 26.
1
Calculate the remainder when 938 is divided by 60.
38
Calculate the remainder when 421 is divided by 112.
85
What is the remainder when 4635 is divided by 39?
33
Calculate the remainder when 219 is divided by 61.
36
Calculate the remainder when 1439 is divided by 39.
35
Calculate the remainder when 7206 is divided by 27.
24
Calculate the remainder when 74 is divided by 39.
35
Calculate the remainder when 1097 is divided by 11.
8
Calculate the remainder when 135 is divided by 10.
5
Calculate the remainder when 194 is divided by 28.
26
Calculate the remainder when 203 is divided by 72.
59
What is the remainder when 915 is divided by 46?
41
Calculate the remainder when 1235 is divided by 87.
17
Calculate the remainder when 428 is divided by 18.
14
Calculate the remainder when 121 is divided by 16.
9
What is the remainder when 109 is divided by 23?
17
What is the remainder when 17402 is divided by 17?
11
What is the remainder when 321 is divided by 108?
105
Calculate the remainder when 3068 is divided by 106.
100
What is the remainder when 176 is divided by 54?
14
What is the remainder when 171 is divided by 35?
31
Calculate the remainder when 180 is divided by 49.
33
What is the remainder when 459 is divided by 33?
30
What is the remainder when 9403 is divided by 168?
163
Calculate the remainder when 2366 is divided by 84.
14
Calculate the remainder when 1264 is divided by 23.
22
Calculate the remainder when 597 is divided by 261.
75
Calculate the remainder when 213 is divided by 72.
69
What is the remainder when 514 is divided by 325?
189
Calculate the remainder when 3902 is divided by 3.
2
What is the remainder when 20 is divided by 7?
6
Calculate the remainder when 942 is divided by 38.
30
Calculate the remainder when 265 is divided by 62.
17
Calculate the remainder when 19023 is divided by 58.
57
What is the remainder when 843 is divided by 120?
3
Calculate the remainder when 598 is divided by 120.
118
Calculate the remainder when 32 is divided by 25.
7
What is the remainder when 2103 is divided by 22?
13
What is the remainder when 1841 is divided by 97?
95
What is the remainder when 7795 is divided by 113?
111
Calculate the remainder when 5337 is divided by 89.
86
What is the remainder when 144 is divided by 43?
15
Calculate the remainder when 407 is divided by 81.
2
Calculate the remainder when 685 is divided by 43.
40
Calculate the remainder when 166 is divided by 77.
12
What is the remainder when 31 is divided by 26?
5
Calculate the remainder when 448 is divided by 396.
52
What is the remainder when 10157 is divided by 20?
17
Calculate the remainder when 7639 is divided by 78.
73
Calculate the remainder when 2687 is divided by 10.
7
Calculate the remainder when 3610 is divided by 48.
10
Calculate the remainder when 21397 is divided by 13.
12
What is the remainder when 85 is divided by 16?
5
What is the remainder when 677 is divided by 244?
189
What is the remainder when 317 is divided by 208?
109
What is the remainder when 1975 is divided by 43?
40
What is the remainder when 482 is divided by 23?
22
What is the remainder when 15 is divided by 6?
3
Calculate the remainder when 176 is divided by 107.
69
Calculate the remainder when 569 is divided by 23.
17
Calculate the remainder when 2 is divided by 1.
0
Calculate the remainder when 149 is divided by 6.
5
What is the remainder when 106 is divided by 27?
25
Calculate the remainder whe